{"id":694,"date":"2024-03-19T14:38:00","date_gmt":"2024-03-19T13:38:00","guid":{"rendered":"https:\/\/quanticocafe.com\/?post_type=product&#038;p=694"},"modified":"2024-07-22T23:54:55","modified_gmt":"2024-07-22T21:54:55","slug":"miel-500gr","status":"publish","type":"product","link":"https:\/\/quanticocafe.com\/index.php\/product\/miel-500gr\/","title":{"rendered":"MIEL 500gr"},"content":{"rendered":"<p><strong>Variedad:<\/strong> Multifloral<\/p>\n<p><strong>Presentaci\u00f3n:<\/strong> 500 gr<\/p>\n<p><strong>Ingredientes:<\/strong> 100% Natural, 100% Miel pura, sin aditivos ni conservantes, sin tratamiento t\u00e9rmico<\/p>\n<p><strong>Origen:<\/strong> Bosques de Boyac\u00e1 &#8211; Colombia<\/p>\n<p><strong>Consumo:<\/strong> Miel lista para consumo directo o como endulzante natural. La miel pura se cristaliza naturalmente, esto es sin\u00f3nimo de calidad, cons\u00famela cristalizada. No apta para menores de 12 meses<\/p>\n<p><em>Reg sanitario No requerido<\/em><\/p>\n","protected":false},"excerpt":{"rendered":"<p>Variedad: Multifloral Presentaci\u00f3n: 500 gr Ingredientes: 100% Natural, 100% Miel pura, sin aditivos ni conservantes, sin tratamiento t\u00e9rmico Origen: Bosques de Boyac\u00e1 &#8211; Colombia Consumo: Miel lista para consumo directo o como endulzante natural. La miel pura se cristaliza naturalmente, esto es sin\u00f3nimo de calidad, cons\u00famela cristalizada. No apta para menores de 12 meses Reg [&hellip;]<\/p>\n","protected":false},"featured_media":1127,"comment_status":"open","ping_status":"closed","template":"","meta":[],"product_brand":[],"product_cat":[20],"product_tag":[],"class_list":{"0":"post-694","1":"product","2":"type-product","3":"status-publish","4":"has-post-thumbnail","6":"product_cat-miel","8":"first","9":"instock","10":"featured","11":"taxable","12":"shipping-taxable","13":"purchasable","14":"product-type-simple"},"_links":{"self":[{"href":"https:\/\/quanticocafe.com\/index.php\/wp-json\/wp\/v2\/product\/694","targetHints":{"allow":["GET"]}}],"collection":[{"href":"https:\/\/quanticocafe.com\/index.php\/wp-json\/wp\/v2\/product"}],"about":[{"href":"https:\/\/quanticocafe.com\/index.php\/wp-json\/wp\/v2\/types\/product"}],"replies":[{"embeddable":true,"href":"https:\/\/quanticocafe.com\/index.php\/wp-json\/wp\/v2\/comments?post=694"}],"wp:featuredmedia":[{"embeddable":true,"href":"https:\/\/quanticocafe.com\/index.php\/wp-json\/wp\/v2\/media\/1127"}],"wp:attachment":[{"href":"https:\/\/quanticocafe.com\/index.php\/wp-json\/wp\/v2\/media?parent=694"}],"wp:term":[{"taxonomy":"product_brand","embeddable":true,"href":"https:\/\/quanticocafe.com\/index.php\/wp-json\/wp\/v2\/product_brand?post=694"},{"taxonomy":"product_cat","embeddable":true,"href":"https:\/\/quanticocafe.com\/index.php\/wp-json\/wp\/v2\/product_cat?post=694"},{"taxonomy":"product_tag","embeddable":true,"href":"https:\/\/quanticocafe.com\/index.php\/wp-json\/wp\/v2\/product_tag?post=694"}],"curies":[{"name":"wp","href":"https:\/\/api.w.org\/{rel}","templated":true}]}}