{"id":1491,"date":"2024-05-08T22:08:47","date_gmt":"2024-05-08T20:08:47","guid":{"rendered":"https:\/\/quanticocafe.com\/?post_type=product&#038;p=1491"},"modified":"2024-05-08T22:08:47","modified_gmt":"2024-05-08T20:08:47","slug":"prensa-francesa-1000-ml-pch","status":"publish","type":"product","link":"https:\/\/quanticocafe.com\/index.php\/product\/prensa-francesa-1000-ml-pch\/","title":{"rendered":"Prensa Francesa 1000 ml PCH"},"content":{"rendered":"<p>Prepara grandes cantidades de caf\u00e9 con nuestra Prensa Francesa de 1000 ml. Dise\u00f1ada para los amantes del caf\u00e9 que disfrutan de compartir momentos especiales con amigos y familiares, esta prensa francesa extrae los sabores m\u00e1s ricos y profundos de tu caf\u00e9 reci\u00e9n molido en cada taza. Con un dise\u00f1o elegante y funcional, es el complemento perfecto para cualquier reuni\u00f3n o simplemente para disfrutar de un caf\u00e9 excepcional en casa.<\/p>\n","protected":false},"excerpt":{"rendered":"<p>Prepara grandes cantidades de caf\u00e9 con nuestra Prensa Francesa de 1000 ml. Dise\u00f1ada para los amantes del caf\u00e9 que disfrutan de compartir momentos especiales con amigos y familiares, esta prensa francesa extrae los sabores m\u00e1s ricos y profundos de tu caf\u00e9 reci\u00e9n molido en cada taza. Con un dise\u00f1o elegante y funcional, es el complemento [&hellip;]<\/p>\n","protected":false},"featured_media":1319,"comment_status":"open","ping_status":"closed","template":"","meta":[],"product_brand":[],"product_cat":[17],"product_tag":[],"class_list":{"0":"post-1491","1":"product","2":"type-product","3":"status-publish","4":"has-post-thumbnail","6":"product_cat-uncategorized","8":"first","9":"instock","10":"taxable","11":"shipping-taxable","12":"purchasable","13":"product-type-simple"},"_links":{"self":[{"href":"https:\/\/quanticocafe.com\/index.php\/wp-json\/wp\/v2\/product\/1491","targetHints":{"allow":["GET"]}}],"collection":[{"href":"https:\/\/quanticocafe.com\/index.php\/wp-json\/wp\/v2\/product"}],"about":[{"href":"https:\/\/quanticocafe.com\/index.php\/wp-json\/wp\/v2\/types\/product"}],"replies":[{"embeddable":true,"href":"https:\/\/quanticocafe.com\/index.php\/wp-json\/wp\/v2\/comments?post=1491"}],"wp:featuredmedia":[{"embeddable":true,"href":"https:\/\/quanticocafe.com\/index.php\/wp-json\/wp\/v2\/media\/1319"}],"wp:attachment":[{"href":"https:\/\/quanticocafe.com\/index.php\/wp-json\/wp\/v2\/media?parent=1491"}],"wp:term":[{"taxonomy":"product_brand","embeddable":true,"href":"https:\/\/quanticocafe.com\/index.php\/wp-json\/wp\/v2\/product_brand?post=1491"},{"taxonomy":"product_cat","embeddable":true,"href":"https:\/\/quanticocafe.com\/index.php\/wp-json\/wp\/v2\/product_cat?post=1491"},{"taxonomy":"product_tag","embeddable":true,"href":"https:\/\/quanticocafe.com\/index.php\/wp-json\/wp\/v2\/product_tag?post=1491"}],"curies":[{"name":"wp","href":"https:\/\/api.w.org\/{rel}","templated":true}]}}