{"id":45,"date":"2024-03-07T16:30:15","date_gmt":"2024-03-07T15:30:15","guid":{"rendered":"https:\/\/quanticocafe.com\/?page_id=45"},"modified":"2025-05-20T16:02:50","modified_gmt":"2025-05-20T14:02:50","slug":"conoce","status":"publish","type":"page","link":"https:\/\/quanticocafe.com\/index.php\/conoce\/","title":{"rendered":"Conoce"},"content":{"rendered":"\t\t<div data-elementor-type=\"wp-page\" data-elementor-id=\"45\" class=\"elementor elementor-45\" data-elementor-post-type=\"page\">\n\t\t\t\t<div class=\"elementor-element elementor-element-4ac3cf6 e-con-full animated-slow e-flex elementor-invisible e-con e-parent\" data-id=\"4ac3cf6\" data-element_type=\"container\" data-e-type=\"container\" data-settings=\"{&quot;background_background&quot;:&quot;classic&quot;,&quot;animation&quot;:&quot;fadeIn&quot;}\">\n\t\t\t\t<div class=\"elementor-element elementor-element-5b16150 elementor--h-position-center elementor--v-position-middle elementor-pagination-position-inside elementor-invisible elementor-widget elementor-widget-slides\" data-id=\"5b16150\" data-element_type=\"widget\" data-e-type=\"widget\" data-settings=\"{&quot;transition&quot;:&quot;fade&quot;,&quot;_animation&quot;:&quot;fadeIn&quot;,&quot;navigation&quot;:&quot;dots&quot;,&quot;autoplay&quot;:&quot;yes&quot;,&quot;pause_on_hover&quot;:&quot;yes&quot;,&quot;pause_on_interaction&quot;:&quot;yes&quot;,&quot;autoplay_speed&quot;:5000,&quot;infinite&quot;:&quot;yes&quot;,&quot;transition_speed&quot;:500}\" data-widget_type=\"slides.default\">\n\t\t\t\t<div class=\"elementor-widget-container\">\n\t\t\t\t\t\t\t<div class=\"elementor-swiper\">\n\t\t\t<div class=\"elementor-slides-wrapper elementor-main-swiper swiper-container\" dir=\"ltr\" data-animation=\"fadeInUp\">\n\t\t\t\t<div class=\"swiper-wrapper elementor-slides\">\n\t\t\t\t\t\t\t\t\t\t<div class=\"elementor-repeater-item-e717500 swiper-slide\"><div class=\"swiper-slide-bg elementor-ken-burns elementor-ken-burns--in\" role=\"img\"><\/div><a class=\"swiper-slide-inner\" href=\"https:\/\/quanticocafe.com\/index.php\/tienda\/\"><div class=\"swiper-slide-contents\"><div  class=\"elementor-button elementor-slide-button elementor-size-lg\">Compra ahora<\/div><\/div><\/a><\/div><div class=\"elementor-repeater-item-b96aeb3 swiper-slide\"><div class=\"swiper-slide-bg elementor-ken-burns elementor-ken-burns--out\" role=\"img\"><\/div><a class=\"swiper-slide-inner\" href=\"https:\/\/quanticocafe.com\/index.php\/tienda\/\"><div class=\"swiper-slide-contents\"><div  class=\"elementor-button elementor-slide-button elementor-size-lg\">Compra ahora<\/div><\/div><\/a><\/div>\t\t\t\t<\/div>\n\t\t\t\t\t\t\t\t\t\t\t\t\t\t\t<div class=\"swiper-pagination\"><\/div>\n\t\t\t\t\t\t\t\t\t\t\t\t\t\t\t\t\t<\/div>\n\t\t<\/div>\n\t\t\t\t\t\t<\/div>\n\t\t\t\t<\/div>\n\t\t\t\t<div class=\"elementor-element elementor-element-81aaf2d elementor-widget__width-auto elementor-fixed elementor-widget elementor-widget-button\" data-id=\"81aaf2d\" data-element_type=\"widget\" data-e-type=\"widget\" data-settings=\"{&quot;_position&quot;:&quot;fixed&quot;}\" data-widget_type=\"button.default\">\n\t\t\t\t<div class=\"elementor-widget-container\">\n\t\t\t\t\t\t\t\t\t<div class=\"elementor-button-wrapper\">\n\t\t\t\t\t<a class=\"elementor-button elementor-button-link elementor-size-sm\" href=\"https:\/\/api.whatsapp.com\/send\/?phone=573158668190&#038;text&#038;type=phone_number&#038;app_absent=0\">\n\t\t\t\t\t\t<span class=\"elementor-button-content-wrapper\">\n\t\t\t\t\t\t<span class=\"elementor-button-icon\">\n\t\t\t\t<svg aria-hidden=\"true\" class=\"e-font-icon-svg e-fab-whatsapp\" viewBox=\"0 0 448 512\" xmlns=\"http:\/\/www.w3.org\/2000\/svg\"><path d=\"M380.9 97.1C339 55.1 283.2 32 223.9 32c-122.4 0-222 99.6-222 222 0 39.1 10.2 77.3 29.6 111L0 480l117.7-30.9c32.4 17.7 68.9 27 106.1 27h.1c122.3 0 224.1-99.6 224.1-222 0-59.3-25.2-115-67.1-157zm-157 341.6c-33.2 0-65.7-8.9-94-25.7l-6.7-4-69.8 18.3L72 359.2l-4.4-7c-18.5-29.4-28.2-63.3-28.2-98.2 0-101.7 82.8-184.5 184.6-184.5 49.3 0 95.6 19.2 130.4 54.1 34.8 34.9 56.2 81.2 56.1 130.5 0 101.8-84.9 184.6-186.6 184.6zm101.2-138.2c-5.5-2.8-32.8-16.2-37.9-18-5.1-1.9-8.8-2.8-12.5 2.8-3.7 5.6-14.3 18-17.6 21.8-3.2 3.7-6.5 4.2-12 1.4-32.6-16.3-54-29.1-75.5-66-5.7-9.8 5.7-9.1 16.3-30.3 1.8-3.7.9-6.9-.5-9.7-1.4-2.8-12.5-30.1-17.1-41.2-4.5-10.8-9.1-9.3-12.5-9.5-3.2-.2-6.9-.2-10.6-.2-3.7 0-9.7 1.4-14.8 6.9-5.1 5.6-19.4 19-19.4 46.3 0 27.3 19.9 53.7 22.6 57.4 2.8 3.7 39.1 59.7 94.8 83.8 35.2 15.2 49 16.5 66.6 13.9 10.7-1.6 32.8-13.4 37.4-26.4 4.6-13 4.6-24.1 3.2-26.4-1.3-2.5-5-3.9-10.5-6.6z\"><\/path><\/svg>\t\t\t<\/span>\n\t\t\t\t\t\t\t\t<\/span>\n\t\t\t\t\t<\/a>\n\t\t\t\t<\/div>\n\t\t\t\t\t\t\t\t<\/div>\n\t\t\t\t<\/div>\n\t\t\t\t<\/div>\n\t\t<div class=\"elementor-element elementor-element-24d7c9e e-flex e-con-boxed e-con e-parent\" data-id=\"24d7c9e\" data-element_type=\"container\" data-e-type=\"container\" data-settings=\"{&quot;background_background&quot;:&quot;classic&quot;}\">\n\t\t\t\t\t<div class=\"e-con-inner\">\n\t\t<div class=\"elementor-element elementor-element-9cac351 e-flex e-con-boxed e-con e-child\" data-id=\"9cac351\" data-element_type=\"container\" data-e-type=\"container\" data-settings=\"{&quot;background_background&quot;:&quot;classic&quot;}\">\n\t\t\t\t\t<div class=\"e-con-inner\">\n\t\t\t\t<div class=\"elementor-element elementor-element-4add1d3 elementor-widget elementor-widget-spacer\" data-id=\"4add1d3\" data-element_type=\"widget\" data-e-type=\"widget\" data-widget_type=\"spacer.default\">\n\t\t\t\t<div class=\"elementor-widget-container\">\n\t\t\t\t\t\t\t<div class=\"elementor-spacer\">\n\t\t\t<div class=\"elementor-spacer-inner\"><\/div>\n\t\t<\/div>\n\t\t\t\t\t\t<\/div>\n\t\t\t\t<\/div>\n\t\t<div class=\"elementor-element elementor-element-70a5b53 e-flex e-con-boxed e-con e-child\" data-id=\"70a5b53\" data-element_type=\"container\" data-e-type=\"container\">\n\t\t\t\t\t<div class=\"e-con-inner\">\n\t\t\t\t<div class=\"elementor-element elementor-element-160a567 elementor-widget elementor-widget-heading\" data-id=\"160a567\" data-element_type=\"widget\" data-e-type=\"widget\" data-widget_type=\"heading.default\">\n\t\t\t\t<div class=\"elementor-widget-container\">\n\t\t\t\t\t<h2 class=\"elementor-heading-title elementor-size-default\">\u00bfCAF\u00c9 DE ESPECIALIDAD?<\/h2>\t\t\t\t<\/div>\n\t\t\t\t<\/div>\n\t\t\t\t<div class=\"elementor-element elementor-element-d3b37bf elementor-widget elementor-widget-text-editor\" data-id=\"d3b37bf\" data-element_type=\"widget\" data-e-type=\"widget\" data-widget_type=\"text-editor.default\">\n\t\t\t\t<div class=\"elementor-widget-container\">\n\t\t\t\t\t\t\t\t\t<p class=\"font_8 wixui-rich-text__text\"><span class=\"wixui-rich-text__text\">El caf\u00e9 de especialidad es aquel que se somete y supera con satisfacci\u00f3n una serie de an\u00e1lisis f\u00edsicos y sensoriales muy exigentes que permiten determinar su calidad.<\/span><\/p><p class=\"font_8 wixui-rich-text__text\"><span class=\"wixui-rich-text__text\">Catadores especializados y certificados eval\u00faan tres grandes \u00e1reas:<\/span><\/p>\t\t\t\t\t\t\t\t<\/div>\n\t\t\t\t<\/div>\n\t\t<div class=\"elementor-element elementor-element-d5ae5d4 e-flex e-con-boxed e-con e-child\" data-id=\"d5ae5d4\" data-element_type=\"container\" data-e-type=\"container\">\n\t\t\t\t\t<div class=\"e-con-inner\">\n\t\t<div class=\"elementor-element elementor-element-1e6f7e6 e-flex e-con-boxed e-con e-child\" data-id=\"1e6f7e6\" data-element_type=\"container\" data-e-type=\"container\">\n\t\t\t\t\t<div class=\"e-con-inner\">\n\t\t\t\t<div class=\"elementor-element elementor-element-8438189 elementor-widget elementor-widget-text-editor\" data-id=\"8438189\" data-element_type=\"widget\" data-e-type=\"widget\" data-widget_type=\"text-editor.default\">\n\t\t\t\t<div class=\"elementor-widget-container\">\n\t\t\t\t\t\t\t\t\t<ul><li class=\"font_8 wixui-rich-text__text\"><span class=\"wixui-rich-text__text\"><strong>An\u00e1lisis de caf\u00e9 en verde:<\/strong>\u00a0Analiza la uniformidad del tama\u00f1o del grano, el tipo y\u00a0 la cantidad de defectos que tiene una muestra antes de ser tostado.<\/span><\/li><\/ul>\t\t\t\t\t\t\t\t<\/div>\n\t\t\t\t<\/div>\n\t\t\t\t\t<\/div>\n\t\t\t\t<\/div>\n\t\t<div class=\"elementor-element elementor-element-bfb48e4 e-flex e-con-boxed e-con e-child\" data-id=\"bfb48e4\" data-element_type=\"container\" data-e-type=\"container\">\n\t\t\t\t\t<div class=\"e-con-inner\">\n\t\t\t\t<div class=\"elementor-element elementor-element-0488ee7 elementor-widget elementor-widget-text-editor\" data-id=\"0488ee7\" data-element_type=\"widget\" data-e-type=\"widget\" data-widget_type=\"text-editor.default\">\n\t\t\t\t<div class=\"elementor-widget-container\">\n\t\t\t\t\t\t\t\t\t<ul><li><span class=\"wixui-rich-text__text\"><strong>An\u00e1lisis del caf\u00e9 tostado:<\/strong>\u00a0Analiza la cantidad de granos inmaduros o \u201cqackers\u201d que tiene la muestra.<\/span><\/li><\/ul>\t\t\t\t\t\t\t\t<\/div>\n\t\t\t\t<\/div>\n\t\t\t\t\t<\/div>\n\t\t\t\t<\/div>\n\t\t<div class=\"elementor-element elementor-element-ad0e0a2 e-flex e-con-boxed e-con e-child\" data-id=\"ad0e0a2\" data-element_type=\"container\" data-e-type=\"container\">\n\t\t\t\t\t<div class=\"e-con-inner\">\n\t\t\t\t<div class=\"elementor-element elementor-element-7a154da elementor-widget elementor-widget-text-editor\" data-id=\"7a154da\" data-element_type=\"widget\" data-e-type=\"widget\" data-widget_type=\"text-editor.default\">\n\t\t\t\t<div class=\"elementor-widget-container\">\n\t\t\t\t\t\t\t\t\t<ul><li><span class=\"wixui-rich-text__text\"><strong>An\u00e1lisis sensorial:<\/strong>\u00a0Por medio de una cata, califica 10 atributos como el aroma, el sabor, el sabor residual, la acidez, el cuerpo, el balance, la uniformidad, la limpieza, la dulzura y el puntaje del catador.\u00a0<\/span><\/li><\/ul>\t\t\t\t\t\t\t\t<\/div>\n\t\t\t\t<\/div>\n\t\t\t\t\t<\/div>\n\t\t\t\t<\/div>\n\t\t\t\t\t<\/div>\n\t\t\t\t<\/div>\n\t\t\t\t<div class=\"elementor-element elementor-element-8fd993d elementor-widget elementor-widget-text-editor\" data-id=\"8fd993d\" data-element_type=\"widget\" data-e-type=\"widget\" data-widget_type=\"text-editor.default\">\n\t\t\t\t<div class=\"elementor-widget-container\">\n\t\t\t\t\t\t\t\t\t<p class=\"font_8 wixui-rich-text__text\">Los caf\u00e9s que superan este control y obtienen m\u00e1s de 80 puntos sobre 100 se denominan caf\u00e9s de especialidad.\u00a0<\/p>\t\t\t\t\t\t\t\t<\/div>\n\t\t\t\t<\/div>\n\t\t\t\t\t<\/div>\n\t\t\t\t<\/div>\n\t\t<div class=\"elementor-element elementor-element-366529c e-flex e-con-boxed e-con e-child\" data-id=\"366529c\" data-element_type=\"container\" data-e-type=\"container\">\n\t\t\t\t\t<div class=\"e-con-inner\">\n\t\t<div class=\"elementor-element elementor-element-0e4a38e e-con-full e-flex elementor-invisible e-con e-child\" data-id=\"0e4a38e\" data-element_type=\"container\" data-e-type=\"container\" data-settings=\"{&quot;animation&quot;:&quot;fadeInUp&quot;}\">\n\t\t<div class=\"elementor-element elementor-element-55f59ed e-con-full e-flex e-con e-child\" data-id=\"55f59ed\" data-element_type=\"container\" data-e-type=\"container\">\n\t\t\t\t<div class=\"elementor-element elementor-element-01d524b elementor-widget elementor-widget-heading\" data-id=\"01d524b\" data-element_type=\"widget\" data-e-type=\"widget\" data-widget_type=\"heading.default\">\n\t\t\t\t<div class=\"elementor-widget-container\">\n\t\t\t\t\t<h2 class=\"elementor-heading-title elementor-size-default\">PRENSA FRANCESA<\/h2>\t\t\t\t<\/div>\n\t\t\t\t<\/div>\n\t\t\t\t<div class=\"elementor-element elementor-element-9e4a179 elementor-widget elementor-widget-image\" data-id=\"9e4a179\" data-element_type=\"widget\" data-e-type=\"widget\" data-widget_type=\"image.default\">\n\t\t\t\t<div class=\"elementor-widget-container\">\n\t\t\t\t\t\t\t\t\t\t\t\t\t\t\t<img fetchpriority=\"high\" decoding=\"async\" width=\"614\" height=\"739\" src=\"https:\/\/quanticocafe.com\/wp-content\/uploads\/2024\/03\/Rectangle-120.png\" class=\"attachment-large size-large wp-image-140\" alt=\"\" srcset=\"https:\/\/quanticocafe.com\/wp-content\/uploads\/2024\/03\/Rectangle-120.png 614w, https:\/\/quanticocafe.com\/wp-content\/uploads\/2024\/03\/Rectangle-120-600x722.png 600w, https:\/\/quanticocafe.com\/wp-content\/uploads\/2024\/03\/Rectangle-120-249x300.png 249w\" sizes=\"(max-width: 614px) 100vw, 614px\" \/>\t\t\t\t\t\t\t\t\t\t\t\t\t\t\t<\/div>\n\t\t\t\t<\/div>\n\t\t\t\t<div class=\"elementor-element elementor-element-d288249 elementor-widget elementor-widget-text-editor\" data-id=\"d288249\" data-element_type=\"widget\" data-e-type=\"widget\" data-widget_type=\"text-editor.default\">\n\t\t\t\t<div class=\"elementor-widget-container\">\n\t\t\t\t\t\t\t\t\t<p><strong>Necesitas<\/strong><\/p>\n<ul>\n<li>1 m\u00e9todo Prensa francesa con filtro<\/li>\n<li>35 g&nbsp;de caf\u00e9, molienda gruesa<\/li>\n<li>500 gramos de agua a 94 \u00b0C<\/li>\n<\/ul>\t\t\t\t\t\t\t\t<\/div>\n\t\t\t\t<\/div>\n\t\t\t\t<div class=\"elementor-element elementor-element-1e6f18a elementor-widget elementor-widget-text-editor\" data-id=\"1e6f18a\" data-element_type=\"widget\" data-e-type=\"widget\" data-widget_type=\"text-editor.default\">\n\t\t\t\t<div class=\"elementor-widget-container\">\n\t\t\t\t\t\t\t\t\t<p><strong>Preparaci\u00f3n<\/strong><\/p><ul><li>Coloca el filtro en el m\u00e9todo\u00a0<\/li><li>Limpia el filtro con agua caliente<\/li><li>Retira el agua del recipiente<\/li><li>Vierte el caf\u00e9\u00a0dentro del filtro<\/li><li>Vierte 100 g de agua caliente<\/li><li>Deja pre- infusionar por 30 segundos<\/li><li>Luego vierte suavemente\u00a0el agua restante en c\u00edrculos\u00a0<\/li><li>Retira el filtro, sirve y disfruta<\/li><\/ul>\t\t\t\t\t\t\t\t<\/div>\n\t\t\t\t<\/div>\n\t\t\t\t<\/div>\n\t\t\t\t<\/div>\n\t\t<div class=\"elementor-element elementor-element-dd5f7e2 e-con-full e-flex e-con e-child\" data-id=\"dd5f7e2\" data-element_type=\"container\" data-e-type=\"container\">\n\t\t<div class=\"elementor-element elementor-element-51668b2 e-con-full e-flex elementor-invisible e-con e-child\" data-id=\"51668b2\" data-element_type=\"container\" data-e-type=\"container\" data-settings=\"{&quot;animation&quot;:&quot;fadeInDown&quot;}\">\n\t\t\t\t<div class=\"elementor-element elementor-element-6083c9d elementor-widget elementor-widget-heading\" data-id=\"6083c9d\" data-element_type=\"widget\" data-e-type=\"widget\" data-widget_type=\"heading.default\">\n\t\t\t\t<div class=\"elementor-widget-container\">\n\t\t\t\t\t<h2 class=\"elementor-heading-title elementor-size-default\">V60<\/h2>\t\t\t\t<\/div>\n\t\t\t\t<\/div>\n\t\t\t\t<div class=\"elementor-element elementor-element-20a7d02 elementor-widget elementor-widget-image\" data-id=\"20a7d02\" data-element_type=\"widget\" data-e-type=\"widget\" data-widget_type=\"image.default\">\n\t\t\t\t<div class=\"elementor-widget-container\">\n\t\t\t\t\t\t\t\t\t\t\t\t\t\t\t<img decoding=\"async\" width=\"614\" height=\"739\" src=\"https:\/\/quanticocafe.com\/wp-content\/uploads\/2024\/03\/Rectangle-121.png\" class=\"attachment-large size-large wp-image-141\" alt=\"\" srcset=\"https:\/\/quanticocafe.com\/wp-content\/uploads\/2024\/03\/Rectangle-121.png 614w, https:\/\/quanticocafe.com\/wp-content\/uploads\/2024\/03\/Rectangle-121-600x722.png 600w, https:\/\/quanticocafe.com\/wp-content\/uploads\/2024\/03\/Rectangle-121-249x300.png 249w\" sizes=\"(max-width: 614px) 100vw, 614px\" \/>\t\t\t\t\t\t\t\t\t\t\t\t\t\t\t<\/div>\n\t\t\t\t<\/div>\n\t\t\t\t<div class=\"elementor-element elementor-element-fb8ecb7 elementor-widget elementor-widget-text-editor\" data-id=\"fb8ecb7\" data-element_type=\"widget\" data-e-type=\"widget\" data-widget_type=\"text-editor.default\">\n\t\t\t\t<div class=\"elementor-widget-container\">\n\t\t\t\t\t\t\t\t\t<p><strong>Necesitas<\/strong><\/p><ul><li>1 m\u00e9todo\u00a0V60 con filtro<\/li><li>25 g\u00a0de caf\u00e9, molienda media fina<\/li><li>400 gramos de agua a 94 \u00b0C<\/li><\/ul>\t\t\t\t\t\t\t\t<\/div>\n\t\t\t\t<\/div>\n\t\t\t\t<div class=\"elementor-element elementor-element-b33fa8d elementor-widget elementor-widget-text-editor\" data-id=\"b33fa8d\" data-element_type=\"widget\" data-e-type=\"widget\" data-widget_type=\"text-editor.default\">\n\t\t\t\t<div class=\"elementor-widget-container\">\n\t\t\t\t\t\t\t\t\t<p><strong>Preparaci\u00f3n<\/strong><\/p><ul><li>Coloca el filtro en el portafiltro\u00a0<\/li><li>Limpia el filtro con agua caliente<\/li><li>Retira el agua del recipiente<\/li><li>Vierte el caf\u00e9\u00a0dentro del filtro<\/li><li>Vierte 60 gramos\u00a0 de agua caliente<\/li><li>Deja pre- infusionar por 30 segundos<\/li><li>Luego vierte suavemente\u00a0el agua \u2028restante en c\u00edrculos\u00a0<\/li><li>Sirve y disfruta<\/li><\/ul>\t\t\t\t\t\t\t\t<\/div>\n\t\t\t\t<\/div>\n\t\t\t\t<\/div>\n\t\t\t\t<\/div>\n\t\t\t\t\t<\/div>\n\t\t\t\t<\/div>\n\t\t\t\t<div class=\"elementor-element elementor-element-1228aab elementor-widget elementor-widget-spacer\" data-id=\"1228aab\" data-element_type=\"widget\" data-e-type=\"widget\" data-widget_type=\"spacer.default\">\n\t\t\t\t<div class=\"elementor-widget-container\">\n\t\t\t\t\t\t\t<div class=\"elementor-spacer\">\n\t\t\t<div class=\"elementor-spacer-inner\"><\/div>\n\t\t<\/div>\n\t\t\t\t\t\t<\/div>\n\t\t\t\t<\/div>\n\t\t\t\t\t<\/div>\n\t\t\t\t<\/div>\n\t\t<div class=\"elementor-element elementor-element-7466f33 e-flex e-con-boxed e-con e-child\" data-id=\"7466f33\" data-element_type=\"container\" data-e-type=\"container\">\n\t\t\t\t\t<div class=\"e-con-inner\">\n\t\t\t\t<div class=\"elementor-element elementor-element-589a9f6 elementor-widget elementor-widget-spacer\" data-id=\"589a9f6\" data-element_type=\"widget\" data-e-type=\"widget\" data-widget_type=\"spacer.default\">\n\t\t\t\t<div class=\"elementor-widget-container\">\n\t\t\t\t\t\t\t<div class=\"elementor-spacer\">\n\t\t\t<div class=\"elementor-spacer-inner\"><\/div>\n\t\t<\/div>\n\t\t\t\t\t\t<\/div>\n\t\t\t\t<\/div>\n\t\t<div class=\"elementor-element elementor-element-c1921dd e-flex e-con-boxed e-con e-child\" data-id=\"c1921dd\" data-element_type=\"container\" data-e-type=\"container\">\n\t\t\t\t\t<div class=\"e-con-inner\">\n\t\t<div class=\"elementor-element elementor-element-4ac64ba e-con-full e-flex elementor-invisible e-con e-child\" data-id=\"4ac64ba\" data-element_type=\"container\" data-e-type=\"container\" data-settings=\"{&quot;animation&quot;:&quot;fadeInLeft&quot;}\">\n\t\t<div class=\"elementor-element elementor-element-48e0c98 e-con-full e-flex e-con e-child\" data-id=\"48e0c98\" data-element_type=\"container\" data-e-type=\"container\">\n\t\t\t\t<div class=\"elementor-element elementor-element-ca944d9 elementor-widget elementor-widget-heading\" data-id=\"ca944d9\" data-element_type=\"widget\" data-e-type=\"widget\" data-widget_type=\"heading.default\">\n\t\t\t\t<div class=\"elementor-widget-container\">\n\t\t\t\t\t<h2 class=\"elementor-heading-title elementor-size-default\">CHEMEX<\/h2>\t\t\t\t<\/div>\n\t\t\t\t<\/div>\n\t\t\t\t<div class=\"elementor-element elementor-element-05750ec elementor-widget elementor-widget-image\" data-id=\"05750ec\" data-element_type=\"widget\" data-e-type=\"widget\" data-widget_type=\"image.default\">\n\t\t\t\t<div class=\"elementor-widget-container\">\n\t\t\t\t\t\t\t\t\t\t\t\t\t\t\t<img decoding=\"async\" width=\"614\" height=\"739\" src=\"https:\/\/quanticocafe.com\/wp-content\/uploads\/2024\/03\/Rectangle-122.png\" class=\"attachment-large size-large wp-image-172\" alt=\"\" srcset=\"https:\/\/quanticocafe.com\/wp-content\/uploads\/2024\/03\/Rectangle-122.png 614w, https:\/\/quanticocafe.com\/wp-content\/uploads\/2024\/03\/Rectangle-122-600x722.png 600w, https:\/\/quanticocafe.com\/wp-content\/uploads\/2024\/03\/Rectangle-122-249x300.png 249w\" sizes=\"(max-width: 614px) 100vw, 614px\" \/>\t\t\t\t\t\t\t\t\t\t\t\t\t\t\t<\/div>\n\t\t\t\t<\/div>\n\t\t\t\t<div class=\"elementor-element elementor-element-53b74db elementor-widget elementor-widget-text-editor\" data-id=\"53b74db\" data-element_type=\"widget\" data-e-type=\"widget\" data-widget_type=\"text-editor.default\">\n\t\t\t\t<div class=\"elementor-widget-container\">\n\t\t\t\t\t\t\t\t\t<p><strong>Necesitas (para 2 tazas de caf\u00e9):<\/strong><\/p><ul><li>1 Chemex de 350 ml<\/li><li>12 g de caf\u00e9, molienda gruesa<\/li><li>300 ml de agua hervida y caliente<\/li><\/ul>\t\t\t\t\t\t\t\t<\/div>\n\t\t\t\t<\/div>\n\t\t\t\t<div class=\"elementor-element elementor-element-69368e7 elementor-widget elementor-widget-text-editor\" data-id=\"69368e7\" data-element_type=\"widget\" data-e-type=\"widget\" data-widget_type=\"text-editor.default\">\n\t\t\t\t<div class=\"elementor-widget-container\">\n\t\t\t\t\t\t\t\t\t<p><strong>Preparaci\u00f3n<\/strong><\/p><ul><li>Vierte el caf\u00e9 molido en la prensa<\/li><li>Vierte el agua caliente en la prensa<\/li><li>Deja infusionar durante 4 minutos<\/li><li>Rompe la costra con una cuchara<\/li><li>Coloca el filtro en la prensa y baja \u2028suavemente el embolo hasta el fondo<\/li><li>Sirve y disfruta<\/li><\/ul>\t\t\t\t\t\t\t\t<\/div>\n\t\t\t\t<\/div>\n\t\t\t\t<\/div>\n\t\t\t\t<\/div>\n\t\t<div class=\"elementor-element elementor-element-3a3d7c0 e-con-full e-flex e-con e-child\" data-id=\"3a3d7c0\" data-element_type=\"container\" data-e-type=\"container\">\n\t\t<div class=\"elementor-element elementor-element-a1210de e-con-full e-flex elementor-invisible e-con e-child\" data-id=\"a1210de\" data-element_type=\"container\" data-e-type=\"container\" data-settings=\"{&quot;animation&quot;:&quot;fadeInRight&quot;}\">\n\t\t\t\t<div class=\"elementor-element elementor-element-48a479a elementor-widget elementor-widget-heading\" data-id=\"48a479a\" data-element_type=\"widget\" data-e-type=\"widget\" data-widget_type=\"heading.default\">\n\t\t\t\t<div class=\"elementor-widget-container\">\n\t\t\t\t\t<h2 class=\"elementor-heading-title elementor-size-default\">COLD BREW<\/h2>\t\t\t\t<\/div>\n\t\t\t\t<\/div>\n\t\t\t\t<div class=\"elementor-element elementor-element-b16cf8b elementor-widget elementor-widget-image\" data-id=\"b16cf8b\" data-element_type=\"widget\" data-e-type=\"widget\" data-widget_type=\"image.default\">\n\t\t\t\t<div class=\"elementor-widget-container\">\n\t\t\t\t\t\t\t\t\t\t\t\t\t\t\t<img loading=\"lazy\" decoding=\"async\" width=\"614\" height=\"739\" src=\"https:\/\/quanticocafe.com\/wp-content\/uploads\/2024\/03\/Rectangle-123.png\" class=\"attachment-large size-large wp-image-171\" alt=\"\" srcset=\"https:\/\/quanticocafe.com\/wp-content\/uploads\/2024\/03\/Rectangle-123.png 614w, https:\/\/quanticocafe.com\/wp-content\/uploads\/2024\/03\/Rectangle-123-600x722.png 600w, https:\/\/quanticocafe.com\/wp-content\/uploads\/2024\/03\/Rectangle-123-249x300.png 249w\" sizes=\"(max-width: 614px) 100vw, 614px\" \/>\t\t\t\t\t\t\t\t\t\t\t\t\t\t\t<\/div>\n\t\t\t\t<\/div>\n\t\t\t\t<div class=\"elementor-element elementor-element-ae6928a elementor-widget elementor-widget-text-editor\" data-id=\"ae6928a\" data-element_type=\"widget\" data-e-type=\"widget\" data-widget_type=\"text-editor.default\">\n\t\t\t\t<div class=\"elementor-widget-container\">\n\t\t\t\t\t\t\t\t\t<p><strong>Necesitas<\/strong><\/p><ul><li>1 recipiente de vidrio<\/li><li>1 litro\u00a0de agua fr\u00eda\u00a0<\/li><li>100\u00a0g\u00a0de caf\u00e9, molienda gruesa<\/li><\/ul>\t\t\t\t\t\t\t\t<\/div>\n\t\t\t\t<\/div>\n\t\t\t\t<div class=\"elementor-element elementor-element-1b773a0 elementor-widget elementor-widget-text-editor\" data-id=\"1b773a0\" data-element_type=\"widget\" data-e-type=\"widget\" data-widget_type=\"text-editor.default\">\n\t\t\t\t<div class=\"elementor-widget-container\">\n\t\t\t\t\t\t\t\t\t<p><strong>Preparaci\u00f3n<\/strong><\/p><ul><li>Coloca el caf\u00e9\u00a0dentro del recipiente\u00a0<\/li><li>Vierte 1 litro de agua\u00a0fr\u00eda<\/li><li>Revuelve bien con una cuchara<\/li><li>Espera 15 horas\u00a0<\/li><li>Pasa el caf\u00e9\u00a0por un filtro\u00a0<\/li><li>S\u00edrvelo\u00a0en una copa\u00a0<\/li><li>Si prefieres agr\u00e9gale\u00a0hielo\u00a0<\/li><li>Disfr\u00fatalo con tus amigos<\/li><\/ul>\t\t\t\t\t\t\t\t<\/div>\n\t\t\t\t<\/div>\n\t\t\t\t<\/div>\n\t\t\t\t<\/div>\n\t\t\t\t\t<\/div>\n\t\t\t\t<\/div>\n\t\t\t\t<div class=\"elementor-element elementor-element-ae2a543 elementor-widget elementor-widget-spacer\" data-id=\"ae2a543\" data-element_type=\"widget\" data-e-type=\"widget\" data-widget_type=\"spacer.default\">\n\t\t\t\t<div class=\"elementor-widget-container\">\n\t\t\t\t\t\t\t<div class=\"elementor-spacer\">\n\t\t\t<div class=\"elementor-spacer-inner\"><\/div>\n\t\t<\/div>\n\t\t\t\t\t\t<\/div>\n\t\t\t\t<\/div>\n\t\t\t\t\t<\/div>\n\t\t\t\t<\/div>\n\t\t\t\t\t<\/div>\n\t\t\t\t<\/div>\n\t\t\t\t<\/div>\n\t\t","protected":false},"excerpt":{"rendered":"<p>Compra ahoraCompra ahora \u00bfCAF\u00c9 DE ESPECIALIDAD? El caf\u00e9 de especialidad es aquel que se somete y supera con satisfacci\u00f3n una serie de an\u00e1lisis f\u00edsicos y sensoriales muy exigentes que permiten determinar su calidad. Catadores especializados y certificados eval\u00faan tres grandes \u00e1reas: An\u00e1lisis de caf\u00e9 en verde:\u00a0Analiza la uniformidad del tama\u00f1o del grano, el tipo y\u00a0 [&hellip;]<\/p>\n","protected":false},"author":1,"featured_media":0,"parent":0,"menu_order":0,"comment_status":"closed","ping_status":"closed","template":"elementor_canvas","meta":{"footnotes":""},"class_list":["post-45","page","type-page","status-publish","hentry"],"_links":{"self":[{"href":"https:\/\/quanticocafe.com\/index.php\/wp-json\/wp\/v2\/pages\/45","targetHints":{"allow":["GET"]}}],"collection":[{"href":"https:\/\/quanticocafe.com\/index.php\/wp-json\/wp\/v2\/pages"}],"about":[{"href":"https:\/\/quanticocafe.com\/index.php\/wp-json\/wp\/v2\/types\/page"}],"author":[{"embeddable":true,"href":"https:\/\/quanticocafe.com\/index.php\/wp-json\/wp\/v2\/users\/1"}],"replies":[{"embeddable":true,"href":"https:\/\/quanticocafe.com\/index.php\/wp-json\/wp\/v2\/comments?post=45"}],"version-history":[{"count":88,"href":"https:\/\/quanticocafe.com\/index.php\/wp-json\/wp\/v2\/pages\/45\/revisions"}],"predecessor-version":[{"id":1928,"href":"https:\/\/quanticocafe.com\/index.php\/wp-json\/wp\/v2\/pages\/45\/revisions\/1928"}],"wp:attachment":[{"href":"https:\/\/quanticocafe.com\/index.php\/wp-json\/wp\/v2\/media?parent=45"}],"curies":[{"name":"wp","href":"https:\/\/api.w.org\/{rel}","templated":true}]}}